y q(-6)?
5
Suppose -39 = -3*r + 3*u, 0 = 2*r + 2*u - 3 - 7. Calculate the remainder when (-1 - 19/3)*-6 is divided by r.
8
Suppose 3*s + 3 = -3*v, -2*s - 2*v + 3*v + 1 = 0. Let g be (-7 - -10)/((-6)/(-4)) + 21. Suppose s*k = k - g. Calculate the remainder when k is divided by 12.
11
Let w(x) be the first derivative of -x**2 + 21*x - 1. What is the remainder when 12 is divided by w(7)?
5
Let f be 165/27 + ((-38)/18 - -2). What is the remainder when 47 is divided by (f/6*-3)/(1/(-4))?
11
Let v = 21 - -5. Suppose -5*n - 2*q = -v, 0 = 3*n + 2*n - 4*q - 8. Calculate the remainder when n is divided by 3.
1
Suppose 3*i = 3*n - 78, -15*i = -n - 11*i + 14. What is the remainder when (444/(-9))/((-20)/n) is divided by 26?
22
Suppose -81 - 31 = -2*o. Suppose 0 = g + 3*g - o. Suppose -3*u - 17 = 2*d - 93, -3*d + 23 = u. Calculate the remainder when u is divided by g.
12
Let q(d) = -2 - 4*d + 7*d + 4*d. Let h be q(3). Suppose -4*b - 3*x - 2 = -3*b, 4*b + 3*x = h. What is the remainder when 25 is divided by b?
4
Let d(q) = 13*q - 4. Suppose 2*z - 22 = -6. Let o = 27 - z. What is the remainder when d(3) is divided by o?
16
Suppose 4*l = -2*y + 18, -y - 38 = -6*y - 3*l. Suppose -61 + 19 = -y*z. Calculate the remainder when 21 is divided by z.
3
Suppose -20*h - 36 = -29*h. Calculate the remainder when 32 is divided by h.
0
Let y = 662 + -594. Calculate the remainder when 540 is divided by y.
64
Let s be 2/5 + (-1712)/(-20) + -2. Suppose -2*q = -16 - s. Calculate the remainder when q is divided by 18.
14
Let u(y) = y + 7. Let h be u(-5). Suppose -4*j - h*j = -114. Calculate the remainder when j is divided by 3.
1
Suppose -76 = -3*r + 113. Suppose -a + 5*a - 48 = 0. Calculate the remainder when r is divided by (128/a)/4*6.
15
Let a(k) = k**3 + 9*k**2 - 12*k + 3. Let w(q) = -q**3 - 8*q**2 - 7*q + 1. Let g be w(-7). What is the remainder when a(-10) is divided by g - (-8 + 2 + -1)?
7
Let s(d) = 22*d**2 + 10*d**2 + 3 - 2*d**3 + 5. What is the remainder when 60 is divided by s(16)?
4
Suppose -o - 4*o - u = -19, 0 = 2*o - 2*u - 10. Let t be 2/4 - (-102)/o. Suppose t = 11*w - 9*w. Calculate the remainder when 51 is divided by w.
12
Let n(c) = -66*c - 321. Calculate the remainder when 26 is divided by n(-5).
8
Suppose -3*f = -f - 52. Suppose -19*a + 17*a = -k - 147, 0 = -5*a + 3*k + 367. Calculate the remainder when a is divided by f.
22
Suppose -3*w + 360 = w. Let s(m) = -m**2 + 56*m + 616. What is the remainder when w is divided by s(-9)?
28
Let s(w) = w**2 - 2*w - 1. Let v be s(2). Let y be (v/2*0)/2. Suppose y = 5*q - 76 - 109. What is the remainder when q is divided by 13?
11
Suppose 8*g - 3*g + 2*i = 327, -5*g = -i - 339. Let k = 40 - 23. What is the remainder when g is divided by k?
16
Let g = -127 + 125. Let z(c) = -16*c - 2. Calculate the remainder when 87 is divided by z(g).
27
Let r(d) = d**2 + 10*d - 18. Let h(v) = v**3 + 3*v**2 - 5*v - 2. Let u be h(-4). Let c be -15*(u + -1) - -1. Calculate the remainder when r(c) is divided by 10.
8
Suppose 0 = -u + 4*b + 37, 0*u = 2*u - 4*b - 78. Let f = u + -24. Calculate the remainder when f is divided by 9.
8
Suppose 0 = -22*t + 26*t - 4*x - 300, 0 = -4*t + 2*x + 302. What is the remainder when 295 is divided by t?
67
Let t(k) = -7*k - 150. Calculate the remainder when t(-59) is divided by 44.
43
What is the remainder when 681 is divided by (-18426)/(-296) - (1/4)/1?
61
Let j be ((-18)/(-10))/((-9)/(-15)). Suppose -j*z + 39 = 9. What is the remainder when 97 is divided by z?
7
Suppose -7*u + 205 = -2*u. Let l(j) = j**2 - 18*j + 71. What is the remainder when u is divided by l(13)?
5
Let m be (-306)/(-15) - (-8)/(-20). Calculate the remainder when (24/12)/(2/m) is divided by 12.
8
Suppose 6*s + 42 = 3*s. Let m = 29 + s. Calculate the remainder when 28 is divided by m.
13
Let h = 33 - 29. Suppose -5*y - 25 = 3*v - h*v, -2*y = v - 18. Calculate the remainder when 37 is divided by v.
17
Suppose -x = 2*b + 2*x - 56, 3*b + 4*x - 84 = 0. What is the remainder when 107 is divided by b?
23
Suppose -746 = -4*i + 5*j, i = -4*j + 162 + 35. Suppose 2*p - 2*f - 134 = 0, 3*p - i = 4*f - 5*f. Calculate the remainder when p is divided by 13.
12
Suppose 5*t + 2 = 3*s, -4*t = 6*s - 3*s - 20. Suppose 40 = 3*u + t*j + 11, -5*j = u + 12. Suppose -u = -2*i + i. What is the remainder when i is divided by 5?
3
Let p be -3 + (-8 + 6)*5*49. Let q = 119 + -47. Calculate the remainder when q is divided by p/(-34) - (-1)/2.
12
Calculate the remainder when 58/6*(5 + -4 + 2) is divided by 5.
4
Let y = 86 + -30. Suppose -2*k + 27 = -k - 3*j, 0 = k + 3*j - 3. What is the remainder when y is divided by k?
11
Let a = 0 - -3. Suppose -2*r - 29 = -4*r + 3*t, -a*t = 9. What is the remainder when 38 is divided by r?
8
What is the remainder when (-8961)/(-145) - 4/5 is divided by 23?
15
Let s(l) be the second derivative of -7*l**3/6 - 3*l**2/2 - 10*l. What is the remainder when s(-12) is divided by 41?
40
Suppose -406 - 910 = -4*v. What is the remainder when v is divided by 66?
65
Let y(k) = 8*k + 3. Let m be y(4). Let q = m + -23. Suppose 4*l = 4*v - 28, -4*v + 0*l = 4*l - q. Calculate the remainder when 19 is divided by v.
4
Let r(s) = 2*s + 11. Let x be r(-6). Let y be (84/49)/(x/(-56)). Suppose -4*a + 3*m = -y, -2 = -3*m - 14. What is the remainder when 41 is divided by a?
20
Let a = 623 - 533. What is the remainder when a is divided by 49?
41
Suppose t - 3*j + 0 = -7, -4*j = -2*t - 6. Suppose -d = 0, p + 5*d - 352 = t*p. Let o = -58 - p. What is the remainder when o is divided by 16?
14
Let v(x) = -10*x**2 - 121*x + 5. Calculate the remainder when 116 is divided by v(-12).
14
Let n(j) = -3*j - 11. Let q be n(-5). Suppose 2 = -q*y + 78. Calculate the remainder when 94 is divided by y.
18
What is the remainder when 161 is divided by 47645/975 - 4/(-30)?
14
What is the remainder when 19 is divided by (4 + -2 - 14)/(24/(-16))?
3
Let d = 11 + -2. What is the remainder when ((-24)/20)/((-129)/120 + 1) is divided by d?
7
Suppose -12*h = -6*h - 18. Suppose -f - 3*w + 9 = 0, -3*w - 9 = -5*f - 0*w. Calculate the remainder when f is divided by h.
0
Let n(w) = -w**3 - 10*w**2 - 3*w - 21. Let t be n(-10). What is the remainder when 4/6 + 1119/t is divided by 21?
20
Let f(s) = -s + 17. Let c(w) = -11*w - 9. Calculate the remainder when c(-4) is divided by f(4).
9
Suppose 0 = -4*g - 3*o + 148, -12 = -2*o - 4. Let r(z) = 17*z + 1. What is the remainder when g is divided by r(1)?
16
Suppose 5*i + 312 = 2*z, -3*z - 9*i + 4*i + 518 = 0. Calculate the remainder when z is divided by 86.
80
Let i be (-1)/(-2) + (-3)/6. Let f(t) = t**3 + t**2 - t + 23. Let d be f(i). Calculate the remainder when d + (-15)/(15/(-3)) is divided by 15.
11
Suppose -p + 5 = -39. Let s = -18 + p. What is the remainder when 77 is divided by s?
25
Suppose -i = -5*c - 20, -16 = 3*i + 5*c - c. Suppose i*k + 282 = 6*k. Calculate the remainder when k is divided by 12.
11
Suppose 14*z - z - 442 = 0. Let q(r) = 2*r**2. Calculate the remainder when z is divided by q(-2).
2
Let l = -84 - -87. Let n(i) = i**2 - 9*i + 6. Let r be n(9). Let f = 10 - r. What is the remainder when f is divided by l?
1
What is the remainder when 911 + (-3 - (0 + (-12)/3)) is divided by 102?
96
Let g(v) = v**3 - v + 4. Let a = 4 + -18. Let z = -11 - a. Calculate the remainder when g(z) is divided by 6.
4
Let k(v) = 5*v + 89. Let h(q) = q**3 - 5*q**2 + 4*q - 1. Let d be h(5). Suppose -d - 6 = -5*w. Calculate the remainder when k(-16) is divided by w.
4
Calculate the remainder when 5257/70 + (-4)/40 is divided by 23.
6
Let w = 65 + 92. What is the remainder when w is divided by 40?
37
Calculate the remainder when 1/((51/45)/17) is divided by 8/2*(-15)/(-10).
3
Let v = 48 - 22. Suppose -903 = 64*s - 71*s. Suppose 0 = -12*j + 11*j + s. What is the remainder when j is divided by v?
25
Calculate the remainder when 130 is divided by (17/((-2023)/(-68)))/(4/238).
28
Suppose -1 = i, -4*i = -12*q + 11*q + 140. What is the remainder when q is divided by 36?
28
Suppose 2*z + 4*i = 120, -5*i - 300 = -5*z - i. Calculate the remainder when z is divided by 33.
27
Let l = -62 + 65. Suppose 0 = -l*p, 3*o + 2*o - 215 = 5*p. Let j(t) = -4*t - 5. What is the remainder when o is divided by j(-5)?
13
Suppose 5*d - 201 + 96 = 0. What is the remainde